rime factors of x.
5
Suppose u - 5*d - 3 = -4*d, 0 = -u + 5*d + 7. List the prime factors of u.
2
What are the prime factors of -140*(27/(-30) - 2/(-5))?
2, 5, 7
Let a(l) = l - 9. Let s be a(7). Let u be s + 19 + -2 + 1. Suppose -5*t - 3*n = -52, -3*t - n + 12 = -u. List the prime factors of t.
2
Let v = 468 - 180. List the prime factors of v.
2, 3
Suppose 0 = -14*j - 178 + 2880. What are the prime factors of j?
193
Let g = -7 - -15. Suppose k = -5 + g. List the prime factors of k.
3
Let v = -16 - -27. List the prime factors of v.
11
Suppose -6*r + r = -4*p + 484, -p - 5*r + 121 = 0. List the prime factors of p.
11
Let y(c) = c - 1. Let b be y(6). Suppose -b*v - 5 + 25 = 0. Suppose 0 = x + v*x - 60. List the prime factors of x.
2, 3
Let b(f) = -9*f - 6. Let c(p) = 9*p + 7. Let u(l) = 5*b(l) + 4*c(l). What are the prime factors of u(-3)?
5
Let u(z) = -z + 3 + 5 - 10. List the prime factors of u(-6).
2
Let s(z) be the third derivative of z**4/24 - 2*z**2. Let b be s(8). What are the prime factors of b - (1 + 0 - 2)?
3
Let i(r) = -11*r**2 + 33*r + 3. Let y be i(3). Let u = 4 + 5. Let m = u - y. List the prime factors of m.
2, 3
Let s(w) = w**3 + 5*w**2 + 3*w + 6. Suppose 2*m - 2*t = t - 14, -2*m + 2*t - 12 = 0. List the prime factors of s(m).
2, 5
Let f(a) be the first derivative of 11*a**3/3 + a + 1. List the prime factors of f(-1).
2, 3
Let q = -38 + -76. Let g = -64 - q. What are the prime factors of g?
2, 5
Suppose -t + 6 = -6. Let a = 2 + t. List the prime factors of a.
2, 7
Let l(q) = q**2 - 3*q + 2. Let k be l(3). Let s be k/((-2)/(-3) + 0). Let p(c) = c**2 + c - 2. What are the prime factors of p(s)?
2, 5
Let d(o) be the first derivative of 3/2*o**2 + o - 1. What are the prime factors of d(1)?
2
Let d = -13 + 21. Let s be 2388/26 - d/(-52). Suppose -b + 4*x + s = 3*b, -b - x + 13 = 0. What are the prime factors of b?
2, 3
Let d = -5 - -7. Suppose d*y - 23 = -o, 0 = 3*y - 2*y + 5*o - 25. List the prime factors of y.
2, 5
Let y(a) = a + 18. What are the prime factors of y(0)?
2, 3
Suppose 2*t - 34 = -5*w, 4*w + 2*t + 1 = 27. List the prime factors of w.
2
Suppose 0 = -4*m - u + 61, 3*m - 57 = u + 2*u. Suppose -8 = -4*o + m. Let f = 10 - o. What are the prime factors of f?
2
Let g(l) = 9*l - 4. Let u be g(5). Suppose -u = -3*j + 22. What are the prime factors of j?
3, 7
Suppose 0 = -0*r - r. Suppose 4*g - 2*k = 192, g - 96 = -g - 3*k. Suppose -2*y - y + g = r. What are the prime factors of y?
2
Let x(j) = j - 2. Let z be x(4). Suppose -z*k - 1 = 2*o - 5, 4*o + 8 = 0. Suppose -k*u - 3 + 11 = 0. What are the prime factors of u?
2
Suppose -8*l = -10 - 118. Let z(c) = c + 1. Let p be z(1). Suppose 0 = p*h - l. List the prime factors of h.
2
Suppose 4*i - 18 - 30 = 0. List the prime factors of i.
2, 3
Let t = -4 + 6. Let n(g) = 2*g**3 - 3*g**2 + g + 2. List the prime factors of n(t).
2
Suppose 0 = u + 2*u + 24. What are the prime factors of ((-18)/u)/((-2)/(-8))?
3
Suppose 5*y = 5*d - d - 781, 2*y = 5*d - 972. List the prime factors of d.
2, 97
Suppose 0 = -g + 4*g - 117. List the prime factors of g.
3, 13
Let y = 23 - 19. Suppose 2*a + a - p - 15 = 0, 4*a - 12 = y*p. What are the prime factors of a?
2, 3
Suppose -2*l = l - 48. Let z = l - -3. List the prime factors of z.
19
Suppose 0 = -4*m + 9*m + 10. Suppose 0*p - 2*p = 4. List the prime factors of m*(-9)/p*-1.
3
Suppose 0*d = -d + 70. List the prime factors of d.
2, 5, 7
Suppose -2*z = 5*n + 31, 0 = -3*z + 2*n - 6*n - 57. Let l be z + (0 - (0 + -2)). Let u = -15 - l. List the prime factors of u.
2, 3
Let u(w) = -w - 2. Let y = -3 + 0. Let m be u(y). List the prime factors of 1 + m/2*14.
2
Suppose -35 = 5*x - 5*l, 3*l = x + 17 - 2. Suppose -3*w = u - 4, 3*u - 3 = 2*w - 2. What are the prime factors of (-7)/((x - -2)/w)?
7
Let n = 115 - 82. What are the prime factors of n?
3, 11
Suppose 3*r - 167 - 223 = 0. List the prime factors of r.
2, 5, 13
Let l(j) = -j**3 - 3*j**2 - j - 3. Let k be l(-3). Suppose 0*r + 2*r - 10 = k. Suppose -i + 4 - 2 = 5*f, -r*i = -f - 36. What are the prime factors of i?
7
Let y be 7/2 + 1/2. Suppose f + 2*f - 9 = q, 4*f - 16 = 0. Suppose 2*r - 3*m - 22 + q = 0, 26 = y*r - 2*m. What are the prime factors of r?
5
Let c = 13 + -27. List the prime factors of (-1496)/(-56) - 4/c.
3
Suppose 5*o = 75 - 340. List the prime factors of o*(-3 - (-6)/3).
53
Suppose 5*x = 3*x. Suppose 2*f - 5 + 33 = x. Let v = 28 + f. List the prime factors of v.
2, 7
Suppose 2*u - 7*u - 30 = -2*t, -3*u + 3 = 3*t. What are the prime factors of t?
5
List the prime factors of 142*(3 - 25/10).
71
Let u be (10/(-3))/(2/(-3)). Suppose 0 = -4*x - 13 - 3. Let z = u - x. List the prime factors of z.
3
Let m(k) = 0 + 2 - 2 + 6 - 3*k. What are the prime factors of m(-6)?
2, 3
Let c = 404 - 288. What are the prime factors of c?
2, 29
Let h = 6 + 5. What are the prime factors of h?
11
Suppose 3 = -g + 19. What are the prime factors of g?
2
Suppose 4*z = 4*j + 68, -73 = -5*z + j - 2*j. Let f(u) = -u**3 - 6*u**2 - 6*u. Let k be f(-4). Let g = k + z. List the prime factors of g.
7
Suppose -h + 6 = -2*a, -5*h = -3*a + 2*a - 30. What are the prime factors of h?
2, 3
Suppose -4*s = -4*f + 16, f = -s + 5*f + 5. Let n = 7 + s. Suppose 0 - 10 = -5*y, n = 2*t - 4*y - 4. List the prime factors of t.
2, 3
Let a be (-3)/5 + 90/25. Suppose -24 = a*x - 3*h, 5*h - 4*h = 0. Let c = 11 + x. What are the prime factors of c?
3
Let a be (-184)/(-18) - (-2)/(-9). Let m(w) = w**2 - 9*w + 2. What are the prime factors of m(a)?
2, 3
Let s(r) be the first derivative of r**4/4 - r**3/3 + 2*r - 4. What are the prime factors of s(3)?
2, 5
Let d = 39 - -5. Suppose 4*x - 24 = d. What are the prime factors of x?
17
Suppose 9*t - 308 - 691 = 0. List the prime factors of t.
3, 37
Suppose -2*f + 11 = -7. Suppose f = -2*l + 5*l. List the prime factors of l.
3
What are the prime factors of 1 + 2 - (-3)/((-12)/(-1208))?
5, 61
Let k be (-2)/5 - 63/5. Let p = k - -18. Suppose 4*w + p*v = 12, -w - v + 6 = w. What are the prime factors of w?
3
Suppose -7*x = -165 - 500. What are the prime factors of x?
5, 19
Let w = 2 + 22. Let m = w - 16. List the prime factors of m.
2
Let o(q) = q**3 + 2*q**2 - 2*q - 2. Let a be o(-2). Suppose -15 = -7*y + a*y. Suppose -2*s = -y*z + 23, 3*z = 3*s + 2*s + 26. What are the prime factors of z?
7
List the prime factors of (-454)/(-4) - 5/(-10).
2, 3, 19
Suppose 0 = -x + s + 10, 0 = -3*x - x - 2*s + 10. Suppose -3*k = -c + 16, c + 3*k - 20 = 8*k. Suppose -x*u + 20 + c = 0. What are the prime factors of u?
2, 3
Suppose -4*b + 23 - 7 = 0. Suppose 2*i + 4*h - h = 8, 0 = i + 2*h - b. What are the prime factors of i?
2
Let w be 6 - ((1 - 2) + 1). Let k be (-3)/(-4) - w/8. Suppose -4*x + 4*g = -36, 2*g + 3*g = k. List the prime factors of x.
3
Let w = -5 - -6. Suppose b + 2*j = w - 0, -2*b = 3*j - 7. List the prime factors of b.
11
Let x(l) = l**3 - 16*l**2 + 29*l - 5. What are the prime factors of x(14)?
3
Suppose 2*h = -b + 20, 5*b - h = 3*h + 170. Suppose -b = -d - 5*p, 4*d - 2*p = -0*p + 54. What are the prime factors of d?
3, 5
Let h = 1 + -4. Let v be (6/(-9))/(1/h). Suppose -v*i + 15 = i. List the prime factors of i.
5
Let n(m) = -m**3 - 4*m**2 - 4*m - 3. Let d be n(-2). Let b be (-22)/(-6) + 2/d. Suppose -b*x = 5*j - 46, j + 2*j - x - 36 = 0. What are the prime factors of j?
11
Suppose 3*v + 49 = 13. Let h = -6 - v. Suppose 0 = -3*j - 0 + h. List the prime factors of j.
2
Let d(n) = n**2 + 9*n - 16. Let h be d(-11). Let x(s) = -s + 9. What are the prime factors of x(h)?
3
List the prime factors of (194/4)/(-3*1/(-6)).
97
Suppose 4*h - 5*n - 21 = 0, -n = 4*h - 0*h - 15. Let s = 25 + h. Suppose s - 5 = 4*j. What are the prime factors of j?
2, 3
Suppose -7*m + 8*m = 4. Suppose m*k - 47 = -3. What are the prime factors of k?
11
Let x(i) = 5*i**3 - i**2 + 1. Suppose -2 = 4*t - 2*j, 2*t - 3*t + j - 2 = 0. What are the prime factors of x(t)?
5
Suppose -k + 12 = k. Let d be -9*(-2 + 10/k). Suppose 12 = -d*f, -2*l - 3*l + 33 = 3*f. What are the prime factors of l?
3
Let z = 26 + -11. Let c(y) = 3*y + 5. Let t be c(-5). Let o = z + t. List the prime factors of o.
5
Let h = -81 - -41. Let o = 100 + h. List the prime factors of o.
2, 3, 5
Let p(s) = -s - 1. Let x(l) = 2*l**2 - 6*l - 7. Let v be x(5). Let a = v + -18. What are